 8) to base 14
9c662
Convert 4424003 (base 5) to base 8.
225721
What is -168643 (base 12) in base 2?
-1011110101110010011
Convert -974604 (base 11) to base 2.
-101111100010111110000
What is -1513684 (base 9) in base 8?
-3140634
20045278 (base 9) to base 7
144364565
What is -10503300 (base 6) in base 14?
-84668
Convert -5338a2 (base 14) to base 8.
-12570546
Convert -1010011111001011011010 (base 2) to base 3.
-12011200010020
What is -b8882 (base 16) in base 11?
-47696a
Convert -34344443 (base 6) to base 3.
-1222122112100
-1021021322 (base 4) to base 15
-5dbb2
Convert 30833 (base 10) to base 12.
15a15
What is 6310573 (base 9) in base 5?
1330412300
What is -684637 (base 9) in base 7?
-3325654
a22a89 (base 14) to base 8
24655161
Convert -314537 (base 9) to base 10.
-187063
35336411 (base 7) to base 10
3118760
18cd1 (base 14) to base 9
105252
Convert -10202364 (base 7) to base 5.
-204424121
Convert -2096168 (base 11) to base 15.
-4cb432
Convert -2522734 (base 9) to base 5.
-322421210
What is -1cc5c (base 13) in base 16?
-dec6
Convert -15325023 (base 9) to base 2.
-11101000111110010111101
What is -201111221010211 (base 3) in base 14?
-153da38
2085505 (base 10) to base 13
580336
Convert -13113035 (base 7) to base 8.
-4441321
Convert -adc76 (base 14) to base 16.
-67190
-858b1 (base 14) to base 16
-4ecd3
-6aa3b (base 12) to base 7
-1134305
What is 1076617 (base 11) in base 8?
7135232
Convert 25504 (base 12) to base 3.
2120201211
What is -206786b (base 13) in base 8?
-45426214
-17786 (base 9) to base 12
-7159
What is 5ab89 (base 13) in base 3?
22110201211
-35053152 (base 6) to base 15
-16513e
Convert -ab1d (base 16) to base 9.
-66072
What is -412031 (base 7) in base 2?
-10001001011000001
Convert 6b66 (base 12) to base 7.
50034
Convert 2df9d (base 16) to base 14.
4c8b3
-730481 (base 9) to base 7
-3453424
What is 169771 (base 10) in base 15?
35481
Convert 13323132332 (base 4) to base 11.
119a7a6
Convert -122121222012221 (base 3) to base 2.
-100011101111001111011011
-20330122 (base 4) to base 2
-1000111100011010
Convert 221211122012 (base 3) to base 5.
112233302
308324 (base 11) to base 14
cc154
Convert 6171145 (base 8) to base 4.
12033021211
Convert 2078202 (base 9) to base 13.
300563
Convert 141220 (base 5) to base 16.
16b2
Convert 3797b3 (base 15) to base 8.
12124252
37588 (base 14) to base 16
21184
What is -2033430 (base 5) in base 8?
-101517
What is 3510443 (base 6) in base 15?
38660
What is 134402115 (base 6) in base 7?
32161301
Convert -13410204 (base 7) to base 15.
-1993b6
-635133 (base 11) to base 6
-33444305
-2220112200 (base 3) to base 10
-57258
Convert -20020525 (base 6) to base 7.
-4532261
What is 242212220 (base 5) in base 2?
100010100011010011001
Convert -53034 (base 13) to base 2.
-100100011110111111
b9030 (base 12) to base 8
733744
-3124601 (base 7) to base 6
-12021435
Convert 134d06 (base 14) to base 13.
1a4551
Convert 311034133 (base 5) to base 4.
10311211023
2620165 (base 7) to base 10
341038
Convert 160368 (base 9) to base 16.
181a0
What is 1425050 (base 8) in base 7?
3301603
What is -25012402 (base 6) in base 10?
-795026
Convert -46511 (base 13) to base 5.
-13101120
Convert 11261003 (base 8) to base 5.
1111344143
Convert -f363a (base 16) to base 7.
-11321323
What is 101000100000011011 (base 2) in base 11?
103722
-15b7c7 (base 14) to base 16
-b9f23
Convert 36176 (base 12) to base 6.
1321030
What is -2556260 (base 8) in base 13?
-1bc022
61307 (base 9) to base 13
15496
Convert -3766462 (base 13) to base 16.
-107708e
-4a346 (base 12) to base 15
-1ec90
1a7490a (base 11) to base 12
12042b1
What is 2331113122 (base 4) in base 9?
1411874
Convert -14bb14 (base 14) to base 2.
-10110000101110000110
What is -4ee441 (base 15) in base 5?
-1432410321
What is 98d82 (base 14) in base 15?
74b08
Convert b1344 (base 15) to base 3.
1001111112101
Convert 2338a0 (base 11) to base 13.
ccbab
-111010011000100010001 (base 2) to base 16
-1d3111
Convert -1a5b457 (base 12) to base 2.
-10101010110100111000011
What is 989576 (base 14) in base 16?
4ef114
Convert 241421423 (base 5) to base 8.
4222043
Convert 13431433 (base 5) to base 2.
100010000101100010
What is -156280 (base 10) in base 15?
-3148a
What is -141234102 (base 5) in base 6?
-23331334
3011244012 (base 5) to base 2
10110101111101010001110
Convert 1020201202000 (base 3) to base 10.
663930
Convert -141425211 (base 6) to base 7.
-33326020
Convert 102040042 (base 5) to base 11.
26a946
42cd (base 14) to base 3
120211202
What is -663ca3 (base 13) in base 4?
-21023313010
211221011100 (base 3) to base 11
289135
-331133 (base 4) to base 6
-30115
Convert 2bd2b5 (base 14) to base 16.
1769ef
Convert 2101000321 (base 4) to base 5.
123001402
Convert -11343214233 (base 5) to base 14.
-1a91603
Convert 12ca0c (base 14) to base 10.
649556
What is -100110100000110000010010 (base 2) in base 8?
-46406022
Convert -7190 (base 10) to base 12.
-41b2
Convert 1016921 (base 11) to base 4.
12312103210
What is -12133533 (base 6) in base 7?
-3164445
What is -36140a (base 14) in base 10?
-1847506
What is 13424655 (base 7) in base 15?
19a686
What is 404234 (base 8) in base 9?
222734
What is 334200504 (base 6) in base 8?
27144770
222200021011111 (base 3) to base 9
28607144
-440101334 (base 5) to base 13
-509c60
-1001110111010000111 (base 2) to base 15
-65b72
-14a8908 (base 11) to base 16
-274660
What is 220011021110 (base 3) in base 11?
2a5291
Convert -1cc9b (base 14) to base 11.
-50521
-2135113 (base 9) to base 14
-21b58c
What is 11001111110000000000 (base 2) in base 9?
1536243
30310155 (base 7) to base 15
34cab0
What is 263006 (base 10) in base 11?
16a667
-223013211300 (base 4) to base 9
-23237160
Convert -111101001001000001010 (base 2) to base 12.
-8074b6
What is 373b0 (base 14) in base 7?
1102110
What is 83978 (base 10) in base 15?
19d38
-2068ba (base 12) to base 5
-112244301
Convert -3032130 (base 5) to base 15.
-e7e5
Convert 30621a (base 11) to base 3.
220222002002
Convert -2ceba0 (base 15) to base 3.
-11002120002020
What is -1030320231 (base 4) in base 8?
-1147055
What is -72360 (base 8) in base 6?
-350332
-8516c4 (base 14) to base 6
-240231340
211231312 (base 4) to base 6
3151114
What is 110210012121000 (base 3) in base 14?
c8c2c8
What is 20222222101 (base 3) in base 12?
67884
Convert 19062 (base 10) to base 11.
1335a
What is -1013211 (base 9) in base 4?
-2003323021
What is -5a80c (base 15) in base 2?
-1000110011110101111
What is 1101110110000100111 (base 2) in base 10?
453671
Convert -11210120221 (base 3) to base 4.
-113010013
Convert -20010022202202 (base 3) to base 5.
-1313112322
Convert 11111100001001100001011 (base 2) to base 8.
37411413
Convert -45aa0 (base 12) to base 15.
-1c8e9
-90c20 (base 15) to base 9
-767663
What is -20033330030 (base 4) in base 13?
-5a936b
What is -1421433 (base 7) in base 13?
-68790
Convert -100331203 (base 4) to base 16.
-10f63
What is -253673 (base 10) in base 11?
-163652
What is 2506a3 (base 15) in base 10?
1773378
What is -201020101220210 (base 3) in base 15?
-d6e276
Convert 263939 (base 12) to base 4.
2121131331
-1136e (base 15) to base 2
-1101010111111011
What is -12300142 (base 5) in base 12?
-588b9
What is 350505 (base 10) in base 9?
583720
101101000100101100101001 (base 2) to base 4
231010230221
Convert -10000000100101101011 (base 2) to base 8.
-2004553
What is -332223022 (base 4) in base 12?
-10468a
-27599 (base 14) to base 4
-113232003
412536 (base 9) to base 15
4c753
What is 74c2b (base 16) in base 8?
1646053
16a784 (base 11) to base 5
31410041
What is 22020022121211 (base 3) in base 14?
81ca12
Convert -78175 (base 12) to base 10.
-159209
-2355227 (base 8) to base 15
-cb523
Convert -13001300233 (base 4) to base 9.
-3417044
Convert 1310004244 (base 5) to base 13.
8822a5
-770837 (base 9) to base 13
-13147c
Convert -bac37d (base 14) to base 11.
-3636797
2432434444 (base 5) to base 7
66604011
Convert -29c57f (base 16) to base 2.
-1010011100010101111111
250264 (base 9) to base 13
53a2b
Convert 2420067 (base 8) to base 15.
d1957
12123200012 (base 4) to base 6
100043142
What is -34750311 (base 8) in base 9?
-15247572
What is 199502 (base 11) in base 6?
10313530
What is 187276 (base 13) in base 12?
2582b7
What is -1633800 (base 9) in base 7?
-10501653
Convert 46405536 (base 7) to base 5.
20202